 - 2/(-9). Suppose -16 + 1 = v*r. Let h(l) = -4*l - 3. What are the prime factors of h(r)?
17
Suppose 2*v = 4*v - 56. List the prime factors of v.
2, 7
Let m be (-3 - 1 - -19)*1. Suppose -2*q = -0*w - 5*w + 8, 0 = 5*q - w - 3. Let x = q + m. List the prime factors of x.
2
Let h(p) = 6*p**2 + 3*p - 17. What are the prime factors of h(5)?
2, 37
Suppose 2*j = -j + 3, 3*j - 7 = -k. Suppose 62 = 5*q + h, 59 = k*q - h + 4. What are the prime factors of q?
13
Let l = 437 - 118. List the prime factors of l.
11, 29
Suppose b - 4*b = o - 76, 2*o = -4*b + 104. Suppose 77 = -4*s - 3*s. Let q = s + b. What are the prime factors of q?
13
Let a(h) be the second derivative of -h**5/20 - h**4/12 - 29*h**2/2 - 2*h. Let m be a(0). Let c = -19 - m. What are the prime factors of c?
2, 5
List the prime factors of (-806)/((-11)/((-22)/(-4))).
13, 31
Let c(x) = 24*x + 4. What are the prime factors of c(2)?
2, 13
Let n(z) = 15*z + 4. What are the prime factors of n(7)?
109
Let u(g) = -g**3 + g**2 - 2*g - 3. Let f be u(-2). Let t = 26 - f. What are the prime factors of t?
13
Suppose -4*g = g - 100. Suppose -10 = 5*t + 35. Let k = g + t. What are the prime factors of k?
11
Let q(n) = 55*n**3 - 2*n**2 + n + 1. List the prime factors of q(1).
5, 11
Suppose -3*a + 22 = -5*f + f, -3*f = -4*a + 20. Suppose 0 = 3*z + 4*s - 6, -s + 6 - 2 = a*z. Suppose -v = -z - 2. What are the prime factors of v?
2
Suppose 0 = 7*p + 77 - 854. List the prime factors of p.
3, 37
Let p be -1*4 + -2 + 3. Let j = 1 + p. List the prime factors of 4*j/(-12)*3.
2
Suppose -3*p - 3 + 18 = -3*f, 4*f = 2*p - 10. List the prime factors of p.
5
Let v(l) = 5*l**2 + 7*l - 3. Let y(q) = 6*q**2 + 8*q - 3. Let h(z) = 5*v(z) - 4*y(z). Let n be h(-7). Suppose -5*k = -0*k - n. What are the prime factors of k?
5
Suppose -g + 6*g = 210. List the prime factors of g.
2, 3, 7
Let o = 681 - 385. List the prime factors of o.
2, 37
Let w(f) = -f**3 - 5*f**2 + 7*f + 9. Let d be -3 - (-1)/(1/(-3)). What are the prime factors of w(d)?
3
Suppose 0 = -2*w + 62 + 88. List the prime factors of w.
3, 5
Suppose 10 = -0*u + 2*u, -2*h + 3*u - 11 = 0. Suppose h*q - 6 = -q. What are the prime factors of ((-2)/6)/(q/(-42))?
7
Suppose -8*c + 4*c = 8. Let f be 2/2*(c + 3). What are the prime factors of 5 - (4/f)/2?
3
Let d(h) = -17*h + 10. List the prime factors of d(-5).
5, 19
Let v = 71 - 34. List the prime factors of v.
37
Suppose 0 = -3*h + 5*h - 104. What are the prime factors of h?
2, 13
Let d(x) = 2*x - 2. What are the prime factors of d(9)?
2
What are the prime factors of (-2)/(-4) + 83/2?
2, 3, 7
Let k(o) = -o**3 - 1. Let p be k(-1). What are the prime factors of -5 + p + 3 + 15?
13
Let c = -33 + 65. List the prime factors of c.
2
List the prime factors of 55 + 0/(-3) + -4.
3, 17
Let i(q) = 6*q**3 + 2*q**2 + 2*q + 1. Let s be i(-1). What are the prime factors of (-131)/s - 1/5?
2, 13
Let b(i) = 2*i - 5. Let v be 1 - ((0 - 2) + 0). Suppose -3*k - 2*f + 30 = 0, 2*f = -k - v*k + 38. List the prime factors of b(k).
11
Let w(l) = -l - l + 13 - 1. What are the prime factors of w(-9)?
2, 3, 5
Suppose 547 + 48 = 5*y. What are the prime factors of y?
7, 17
List the prime factors of (13/(65/(-450)))/(-1).
2, 3, 5
Suppose -12 = 4*i, 2*i - 3 = 5*w - 64. What are the prime factors of w?
11
Let u be (-1*1)/(10/30). List the prime factors of u - (22/(-1) + -1).
2, 5
Suppose 0 = g - 2*g - 3. Suppose 3*q = 24 - 3. Let s = g + q. List the prime factors of s.
2
Suppose -2*r - 30 = -7*r. What are the prime factors of 27/2 + r/4?
3, 5
Let g = 4 + 2. Let t(h) = -h**3 + 6*h**2 - h - 5. Let u be t(5). Let l = u - g. List the prime factors of l.
3
Suppose -1 - 3 = w + d, -d - 12 = 5*w. Let m be w/(-5) + (-54)/(-15). List the prime factors of 0 - m/(-2) - -1.
3
Let a be (-1 + 19/4)*-16. Let j = 85 + a. What are the prime factors of j?
5
Let y(f) = f**3 + 6*f**2 + 5*f. Let p be y(-5). Let d = 4 + p. Suppose l = d + 8. What are the prime factors of l?
2, 3
Let g(c) = -3*c**2 + 16*c + 28. Let k(a) = a**2 - 5*a - 9. Let v be 14/35 - 114/10. Let p(d) = v*k(d) - 4*g(d). List the prime factors of p(11).
3
Let a be (-32)/(-6)*3/2. Let y = a - -8. What are the prime factors of y?
2
Let z(r) = 4*r**3 - r**2 - r. Let h be z(-1). Let w be (2/h)/((-3)/(-30)). What are the prime factors of ((1 - w) + -1)/1?
5
Let l(f) = f**2 - 8*f + 7. List the prime factors of l(-13).
2, 5, 7
Let i = -9 + 4. List the prime factors of (21/i)/((-8)/40).
3, 7
Let t(z) = 5*z - 8. Suppose -10 + 3 = -u. Let a be t(u). Suppose 5*f - 3*j = -4*j + a, 2*f + 2*j = 14. What are the prime factors of f?
5
Let w be (2/(-4))/((-7)/14). Let a(p) = -w - p - 3 - p. What are the prime factors of a(-4)?
2
Suppose 133 + 52 = 5*o. List the prime factors of o.
37
Suppose 0*q = -3*q + 93. Suppose 4*i + 17 = -w - 12, 5*i - 4*w + q = 0. Let s = i - -12. What are the prime factors of s?
5
Suppose -3*o + 19 + 11 = 0. Let j = o + -11. What are the prime factors of (-1 - 8/1)*j?
3
Suppose 55 = 4*k + 3*c, -5*k = -5*c + 21 - 81. List the prime factors of k.
13
Suppose n - 5*n + 256 = 0. What are the prime factors of n?
2
Let p(i) = 5*i + 9. What are the prime factors of p(4)?
29
Let f be (-5 + 1)*(-2)/1. Suppose 2 + f = -2*c. List the prime factors of (-78)/c - 2/(-5).
2
Let m be -1 + ((-4)/2 - 0). Let t(k) = k + 3. Let v be t(-7). What are the prime factors of ((m - v)*-16)/(-1)?
2
Let h(w) = 2*w**2 + 3*w**2 + 7*w + 0*w**2 + 1 - 4*w. Let s be ((-3)/(-1))/(9/(-6)). List the prime factors of h(s).
3, 5
Let h(u) = 8*u + 36. What are the prime factors of h(5)?
2, 19
Let r(k) = -17*k. Let l be r(-2). Suppose -2*w - l = -4*w. Suppose 5 = -c + w. List the prime factors of c.
2, 3
Suppose -22*p - 1824 = -28*p. What are the prime factors of p?
2, 19
Let v(m) = m + 9. Let h be v(0). Suppose 2*u - 2*t = u + h, u + 2*t = -3. List the prime factors of u.
3
Suppose -3 = -3*y + 12. Suppose 58 = 2*z - 2*u, -2*z = -0*u + y*u - 51. List the prime factors of z.
2, 7
Let o be (-11 + 5)*8/(-6). Let u(a) be the second derivative of -a**4/12 + 3*a**3/2 + a**2 - a. List the prime factors of u(o).
2, 5
Suppose m + 3 = 3*m - 3*s, 4*s = 4*m. Let n = 16 + m. What are the prime factors of n?
13
Suppose -64 = -2*r + 2*o, 5*r + o + 2*o - 168 = 0. List the prime factors of r.
3, 11
Let s = -1 - -7. What are the prime factors of (-21)/(-9) + (-2)/s?
2
Let d(p) = p**2 + 6*p + 2. Let f be d(-6). Suppose 3*h + 5*n = -368, -h + 3*h + 256 = f*n. What are the prime factors of h/(-10) + (-16)/(-40)?
13
Let f = 19 + -8. Suppose 0 = l + s + 3 + 2, 2*s - f = l. Let u = 0 - l. What are the prime factors of u?
7
Suppose 0 = 10*t - 12*t + 168. What are the prime factors of t?
2, 3, 7
Let q = 17 + -12. Suppose 82 = 5*m + 3*x - 30, q*x = -3*m + 80. What are the prime factors of m?
2, 5
Suppose 283 + 11 = 7*c. List the prime factors of c.
2, 3, 7
Let u(r) = -r**3 + 8*r**2 + 10*r - 4. Let t(j) = -j + 2. Let c be t(-7). Let p be u(c). Suppose 3*v + 2*v - 30 = -m, p*m = -v + 54. List the prime factors of m.
2, 5
Suppose 5*m = 5*l - 40, -2*l = -6*l - 4*m. Suppose -i = 4*f - l, 0*i + 3*f + 12 = 3*i. Suppose -3*g = -5*w + 44, i*g = w + g - 4. List the prime factors of w.
2, 5
Let l be ((-10)/(-3))/(6/9). What are the prime factors of 97/l + (-3)/(-5)?
2, 5
Let x(t) = 2*t**3. Let a be x(1). What are the prime factors of (-1 - 6)/(1 - a)?
7
Suppose -4*q + 17 = 5. Suppose -q*l = -9, -2*l = 2*v - l + 5. What are the prime factors of 54/15*(-10)/v?
3
Suppose -703 + 1999 = 8*p. List the prime factors of p.
2, 3
Let y(t) = 70*t - 1. What are the prime factors of y(1)?
3, 23
Let l = -5 - -10. Let s = 10 + l. List the prime factors of s.
3, 5
Suppose -5*i + 220 = 4*k, -3*k + k = -4*i + 150. What are the prime factors of i?
2, 5
Suppose -3*z = -j - 148 - 409, -j + 915 = 5*z. What are the prime factors of z?
2, 23
Suppose m + 5 = 1, -o = m - 7. Suppose -2*c - o = -51. What are the prime factors of c?
2, 5
Let s be 18/14 - (-2)/(-7). Suppose 6 - s = q. List the prime factors of q.
5
List the prime factors of (-1)/(-1) + 1 - -46.
2, 3
Let q(z) = -2*z**3 + z**2 + 19*z + 9. Let r(c) = c**3 - 9*c - 4. Let v(x) = 3*q(x) + 7*r(x). Let s be v(-4). Suppose -i - s = -2*i. List the prime factors of i.
7
Let d be -6 + 8 - 4/(-2). Suppose -78 = -d*t + 42. List the prime factors of t.
2, 